 12?
220282
What is -120011211120 (base 3) in base 10?
-298770
Convert -52532013 (base 6) to base 2.
-101110111000011001001
Convert e4e9 (base 15) to base 3.
2110100110
Convert 1524250 (base 6) to base 9.
145183
Convert -4d230 (base 16) to base 2.
-1001101001000110000
What is 11120222012 (base 3) in base 8?
260406
Convert -5cc092 (base 13) to base 8.
-10373020
-411544 (base 8) to base 3
-20220121101
What is -101200030120 (base 4) in base 10?
-4588312
What is 27431 (base 13) in base 5?
4320332
6c5c55 (base 14) to base 4
32020110103
What is e9a0 (base 15) in base 14?
14025
712582 (base 9) to base 6
13012545
22a1b9 (base 13) to base 9
1482512
What is 2243114 (base 5) in base 2?
1001110111011001
Convert 312011131101 (base 4) to base 15.
13a0dd9
Convert -2220400 (base 10) to base 7.
-24605320
Convert 201210012001 (base 3) to base 10.
389422
Convert 22a34a (base 11) to base 9.
615748
17950 (base 15) to base 12
38226
What is 66284 (base 13) in base 8?
551242
11410026 (base 7) to base 2
11110110110010011001
1021533 (base 8) to base 9
453007
What is 120022002023 (base 4) in base 6?
343421215
What is -3132303032 (base 4) in base 13?
-25c4c3
Convert -25a5b (base 12) to base 3.
-2121210222
What is 36a654 (base 13) in base 9?
2413574
-4ac126 (base 14) to base 4
-21303012212
What is 25d1c (base 15) in base 8?
354365
-501512 (base 15) to base 11
-2167051
What is 456530 (base 9) in base 15?
561dc
What is bbd93 (base 14) in base 10?
455437
Convert 31433142 (base 5) to base 7.
2152001
What is 120001220010 (base 3) in base 13?
a5024
-3146604 (base 8) to base 9
-1517851
Convert 6674138 (base 10) to base 14.
c5a3a2
-398583 (base 11) to base 8
-2307132
-81b25 (base 14) to base 2
-1001100001111000101
Convert 1224635 (base 10) to base 9.
2265785
600506 (base 8) to base 7
1450103
Convert 1030116 (base 8) to base 13.
97c42
-65045 (base 9) to base 16
-a82c
Convert 195255 (base 12) to base 5.
103210244
Convert 1010000000011011000101 (base 2) to base 16.
2806c5
1375544 (base 8) to base 2
1011111101101100100
-1211102111120 (base 3) to base 13
-280a6a
Convert -110200222 (base 6) to base 15.
-290395
What is -72ee4 (base 15) in base 9?
-614877
Convert -507057 (base 8) to base 14.
-45063
a860208 (base 11) to base 16
1235292
What is 23054 (base 8) in base 2?
10011000101100
Convert -3428812 (base 11) to base 13.
-1320b9c
1575631 (base 11) to base 9
5044432
What is -26727340 (base 8) in base 13?
-1324b69
What is -3010648 (base 13) in base 14?
-1cd9cd0
-48169 (base 14) to base 4
-222330201
What is 7907 (base 13) in base 12?
994b
What is -11111000111011101111 (base 2) in base 16?
-f8eef
What is 18ac5a (base 16) in base 15?
21e191
What is 1c10549 (base 13) in base 6?
531330052
11121014 (base 6) to base 10
337186
1100220 (base 7) to base 14
37080
What is 2022111121201 (base 3) in base 8?
4542702
What is -103785 (base 16) in base 6?
-34440153
What is 11002111020112 (base 3) in base 14?
4087b9
Convert 1102142 (base 7) to base 16.
21035
-497a24 (base 11) to base 5
-200132101
Convert -100000100000000110110 (base 2) to base 5.
-233040024
What is 9225290 (base 10) in base 15?
c23645
-8b934 (base 13) to base 3
-110220201112
890178 (base 11) to base 5
330423013
Convert -15926b (base 16) to base 9.
-2584251
What is 59034 (base 13) in base 6?
3252513
What is -11dd097 (base 14) in base 5?
-4200240243
What is 26e298 (base 15) in base 9?
3460558
What is 189572 (base 13) in base 14?
1221ac
What is 232740 (base 9) in base 8?
421102
Convert -22112121133 (base 4) to base 15.
-388d8d
1111010011110101 (base 2) to base 4
33103311
Convert 3615203 (base 8) to base 5.
223133302
de1aa (base 15) to base 2
10101100010011100000
11123112 (base 4) to base 7
121545
-1263369 (base 10) to base 5
-310411434
-111122331 (base 4) to base 15
-1aee6
What is -12117146 (base 8) in base 16?
-289e66
3331034 (base 5) to base 16
e39d
Convert 110100111111010110 (base 2) to base 9.
360652
Convert 46000627 (base 8) to base 2.
100110000000000110010111
What is -167014 (base 13) in base 14?
-107531
-61863 (base 11) to base 9
-146667
What is 132c26 (base 15) in base 13?
26311b
What is -1001000010011111101100 (base 2) in base 11?
-1379286
31615 (base 12) to base 15
14312
212311 (base 5) to base 12
4206
Convert -1151506 (base 7) to base 16.
-23e6f
What is 10660375 (base 8) in base 15?
30bec9
What is -186029 (base 12) in base 11?
-270444
441208 (base 9) to base 16
404ab
6057 (base 13) to base 5
411004
Convert -9a5745 (base 14) to base 7.
-62352115
What is 34313 (base 5) in base 2?
100110011010
-6ee735 (base 16) to base 14
-d72a57
Convert -3144205 (base 7) to base 8.
-1347641
Convert -1606744 (base 9) to base 2.
-11011001011101011100
Convert 1751110 (base 8) to base 9.
861117
What is -3715d3 (base 15) in base 5?
-1133342243
What is -685754 (base 10) in base 16?
-a76ba
Convert 24215023 (base 6) to base 15.
101779
Convert 309327 (base 10) to base 11.
1a1447
What is 11110310221 (base 4) in base 7?
14602666
Convert -21a62 (base 15) to base 11.
-73403
What is -8431 (base 14) in base 2?
-101100011111011
What is 1000122102011 (base 3) in base 13?
160897
What is 501306 (base 9) in base 16?
4851f
135b40 (base 14) to base 3
1020222200221
1120010320 (base 4) to base 9
608774
Convert -1033230213 (base 4) to base 11.
-203293
1100003032 (base 4) to base 8
1200316
-1aa154 (base 11) to base 6
-10513515
-32f92 (base 16) to base 5
-23140121
Convert 250541 (base 12) to base 11.
381416
What is -3102085 (base 10) in base 16?
-2f5585
Convert -3935892 (base 11) to base 13.
-1548416
What is 4266018 (base 10) in base 12?
1518916
-2666346 (base 8) to base 10
-748774
What is -5712432 (base 8) in base 5?
-343423443
16251 (base 9) to base 2
10101110000111
Convert -221503060 (base 7) to base 4.
-303002131303
-188c5 (base 16) to base 3
-12002221001
Convert 393a1 (base 12) to base 13.
29851
4212112342 (base 5) to base 7
134003326
Convert -203441 (base 8) to base 4.
-100130201
10100100000010110111 (base 2) to base 16
a40b7
-10511114 (base 9) to base 10
-5085598
Convert 4e82e (base 16) to base 2.
1001110100000101110
What is 91a80 (base 11) in base 16?
20cfe
-25443325 (base 6) to base 16
-cab05
Convert 245a501 (base 11) to base 6.
231341035
What is -7ba484 (base 12) in base 6?
-110335044
What is -1131133222 (base 5) in base 4?
-21322210103
-100110101110001 (base 2) to base 11
-13993
What is -1210211000210 (base 3) in base 13?
-278460
Convert -1142341312 (base 5) to base 6.
-133510022
What is 430003334 (base 5) in base 2?
110110110110011100000
Convert 22334112 (base 5) to base 7.
1456666
Convert -1a80c (base 16) to base 9.
-174817
Convert 889b0 (base 14) to base 9.
554277
-1001111010111101111110 (base 2) to base 4
-21322331332
Convert -111220220022 (base 3) to base 4.
-1002321233
33253415 (base 6) to base 4
3310301303
Convert -11321221 (base 5) to base 10.
-104561
7741053 (base 9) to base 4
33313233003
Convert 102304344 (base 5) to base 3.
210221101102
What is -96596 (base 10) in base 8?
-274524
Convert 20111101 (base 4) to base 2.
1000010101010001
4013225 (base 6) to base 8
560361
-15b8c (base 14) to base 6
-1055532
What is -21562 (base 7) in base 13?
-2620
Convert -100220210 (base 6) to base 12.
-69a666
-13264443 (base 8) to base 16
-2d6923
What is -10111111101110111110 (base 2) in base 8?
-2775676
What is -1548922 (base 10) in base 11?
-968801
What is -62225353 (base 7) in base 11?
-2a43571
1140144 (base 6) to base 11
40925
What is -102101202121 (base 3) in base 2?
-110110110001100111
Convert -174a1a (base 13) to base 4.
-2032001121
3ed8d4 (base 16) to base 11
236351a
-13124312 (base 5) to base 6
-2441353
-36021 (base 9) to base 4
-11320030
Convert 11747155 (base 8) to base 9.
4815470
What is -482a2b (base 13) in base 3?
-10020101002121
Convert 900664 (base 12) to base 4.
20202332230
Convert 44066 (base 7) to base 4.
2230100
-917087 (base 15) to base 3
-111000000000201
-32033223221 (base 4) to base 14
-6d2c41
-2360055 (base 7) to base 10
-300165
-13ee9 (base 16) to base 7
-460010
-110100102010 (base 3) to base 8
-732561
What is 11120211011121 (base 3) in base 14?
476279
138f17 (base 16) to base 12
51995b
Convert -16025663 (base 7) to base 9.
-2801352
What is -4a328 (base 15) in base 6?
-5025015
What is -537444 (base 8) in base 4?
-223330210
What is -3737483 (base 9